?
2, 3, 1783, 3779
List the prime factors of 168065332.
2, 17, 53, 46633
List the prime factors of 1256871881.
2153, 583777
What are the prime factors of 890680799?
29, 30713131
What are the prime factors of 339668488?
2, 31, 461, 2971
List the prime factors of 62034144.
2, 3, 646189
List the prime factors of 143965866.
2, 3, 11, 89, 24509
List the prime factors of 3208343731.
3208343731
What are the prime factors of 3044102115?
3, 5, 197, 1030153
What are the prime factors of 187893621?
3, 2269, 3067
What are the prime factors of 335149631?
199, 1684169
List the prime factors of 149601072.
2, 3, 3116689
List the prime factors of 190181866.
2, 7, 13584419
What are the prime factors of 51882199?
51882199
What are the prime factors of 22271624?
2, 229, 12157
List the prime factors of 1540608597.
3, 11, 19, 819037
What are the prime factors of 377726209?
7, 313, 172399
List the prime factors of 3964306646.
2, 41, 48345203
What are the prime factors of 1805904886?
2, 331, 2727953
What are the prime factors of 61603992?
2, 3, 439, 1949
List the prime factors of 115134503.
11, 10466773
What are the prime factors of 9346591?
1481, 6311
What are the prime factors of 121832144?
2, 7, 1087787
List the prime factors of 1210362239.
79, 15321041
What are the prime factors of 617573497?
173, 3569789
List the prime factors of 1369201538.
2, 109, 6280741
List the prime factors of 45608290.
2, 5, 7, 13, 50119
What are the prime factors of 604054014?
2, 3, 23, 4377203
What are the prime factors of 1594121488?
2, 3191, 31223
List the prime factors of 26209384.
2, 31, 105683
List the prime factors of 19059251.
431, 44221
What are the prime factors of 91095833?
313, 291041
What are the prime factors of 216502696?
2, 27062837
What are the prime factors of 12069139?
12069139
What are the prime factors of 1326841315?
5, 181, 1466123
What are the prime factors of 4863948632?
2, 3881, 156659
What are the prime factors of 7100572?
2, 47, 179, 211
What are the prime factors of 98960813?
7, 127, 111317
What are the prime factors of 4521751014?
2, 3, 11, 71, 709, 1361
What are the prime factors of 96249161?
96249161
What are the prime factors of 262952988?
2, 3, 311, 70459
List the prime factors of 1372762006.
2, 7, 11, 2797, 3187
List the prime factors of 1449409688.
2, 47, 401, 9613
What are the prime factors of 1484471052?
2, 3, 41235307
List the prime factors of 1321147678.
2, 37, 421, 42407
List the prime factors of 91330830.
2, 3, 5, 1014787
List the prime factors of 201587290.
2, 5, 211, 95539
What are the prime factors of 135152284?
2, 3023, 11177
List the prime factors of 211360160.
2, 5, 11, 120091
What are the prime factors of 113522874?
2, 3, 179, 105701
What are the prime factors of 5552053?
13, 427081
What are the prime factors of 4262050?
2, 5, 13, 79, 83
What are the prime factors of 2896404512?
2, 17, 5324273
List the prime factors of 18524882.
2, 9262441
List the prime factors of 2163711149.
109, 131, 151531
List the prime factors of 743971577.
743971577
List the prime factors of 56293398.
2, 3, 7, 446773
List the prime factors of 1404933430.
2, 5, 140493343
List the prime factors of 720402168.
2, 3, 607, 49451
List the prime factors of 2115390348.
2, 3, 58760843
List the prime factors of 5784576284.
2, 14869, 97259
What are the prime factors of 789065100?
2, 3, 5, 89, 9851
List the prime factors of 48209009.
673, 71633
List the prime factors of 56133860.
2, 5, 2806693
List the prime factors of 1068939639.
3, 19, 59, 35317
List the prime factors of 605599942.
2, 17, 31, 37, 53, 293
What are the prime factors of 13296118?
2, 11, 604369
List the prime factors of 499565891.
11, 45415081
What are the prime factors of 339978505?
5, 67995701
What are the prime factors of 43323591?
3, 19, 760063
What are the prime factors of 24731876?
2, 13, 475613
What are the prime factors of 4263397932?
2, 3, 97, 3662713
List the prime factors of 74023488.
2, 3, 7, 11, 1669
List the prime factors of 44013852.
2, 3, 167, 7321
List the prime factors of 5605121260.
2, 5, 2699, 103837
List the prime factors of 4983579366.
2, 3, 1867, 444883
List the prime factors of 15793807.
19, 831253
What are the prime factors of 657231167?
71, 9256777
List the prime factors of 330751348.
2, 83, 491, 2029
List the prime factors of 3102577786.
2, 7, 11, 97, 29671
What are the prime factors of 75291667?
11, 43, 159179
List the prime factors of 2106847907.
2106847907
What are the prime factors of 33587855?
5, 7, 283, 3391
What are the prime factors of 1403603786?
2, 13, 53984761
List the prime factors of 90488726.
2, 67, 353, 1913
What are the prime factors of 101535989?
29, 1657, 2113
What are the prime factors of 3830483952?
2, 3, 8866861
List the prime factors of 60651626.
2, 7, 4332259
List the prime factors of 1019276601.
3, 7, 29, 43, 38923
List the prime factors of 716675875.
5, 491, 11677
List the prime factors of 6160883.
19, 71, 4567
List the prime factors of 6587133850.
2, 5, 11, 1291, 9277
List the prime factors of 291114778.
2, 145557389
List the prime factors of 868969091.
31, 28031261
What are the prime factors of 306269707?
787, 389161
List the prime factors of 3351327391.
139, 24110269
What are the prime factors of 3324114065?
5, 1789, 371617
What are the prime factors of 46156591?
13, 227, 15641
List the prime factors of 833679120.
2, 3, 5, 3473663
List the prime factors of 329867804.
2, 7, 1682999
List the prime factors of 170491653.
3, 41, 131, 3527
List the prime factors of 230207789.
7, 32886827
List the prime factors of 11473699.
11473699
List the prime factors of 6949749985.
5, 19, 3850277
What are the prime factors of 695720991?
3, 7, 29, 233, 4903
List the prime factors of 4509932693.
7, 709, 908711
What are the prime factors of 2413477158?
2, 3, 16747, 24019
What are the prime factors of 745871003?
73, 10217411
List the prime factors of 1702112288.
2, 31, 509, 3371
What are the prime factors of 26988119?
239, 112921
What are the prime factors of 60761071?
7, 8680153
What are the prime factors of 4195929977?
1237, 3392021
List the prime factors of 285132202.
2, 19, 1423, 5273
List the prime factors of 4435733926.
2, 13, 170605151
List the prime factors of 86959838.
2, 7, 661, 9397
List the prime factors of 431993871.
3, 15999773
List the prime factors of 720669591.
3, 113, 6271
List the prime factors of 272174759.
272174759
List the prime factors of 1111460160.
2, 3, 5, 1157771
List the prime factors of 69191289.
3, 7687921
List the prime factors of 124706966.
2, 23, 43, 67, 941
What are the prime factors of 56810172?
2, 3, 761, 6221
What are the prime factors of 1251606147?
3, 11, 17, 2231027
List the prime factors of 236815726.
2, 7, 2416487
List the prime factors of 3874440020.
2, 5, 11, 29, 431, 1409
List the prime factors of 1293542417.
1293542417
What are the prime factors of 3032644033?
547, 5544139
List the prime factors of 9920398.
2, 107, 151, 307
List the prime factors of 291282786.
2, 3, 29, 593, 941
List the prime factors of 142539517.
142539517
What are the prime factors of 34774926?
2, 3, 313, 18517
List the prime factors of 275662851.
3, 191, 481087
List the prime factors of 89522846.
2, 7, 191, 33479
What are the prime factors of 1883292090?
2, 3, 5, 241, 260483
List the prime factors of 517973935.
5, 17, 6093811
What are the prime factors of 28108915?
5, 647, 8689
List the prime factors of 35428098.
2, 3, 5904683
What are the prime factors of 4647785381?
509, 9131209
What are the prime factors of 84773883?
3, 17, 23, 72271
What are the prime factors of 2339003528?
2, 307, 952363
What are the prime factors of 43975682?
2, 21987841
What are the prime factors of 270611882?
2, 17, 23, 346051
What are the prime factors of 169029788?
2, 109, 387683
What are the prime factors of 3434558666?
2, 7, 11, 3186047
List the prime factors of 1834183044.
2, 3, 71, 167, 4297
List the prime factors of 4478535890.
2, 5, 447853589
List the prime factors of 39214619.
1699, 23081
List the prime factors of 601440741.
3, 11, 2025053
What are the prime factors of 115773319?
283, 577, 709
List the prime factors of 172634055.
3, 5, 11, 47, 113, 197
What are the prime factors of 964954795?
5, 7, 967, 4073
What are the prime factors of 325007548?
2, 81251887
What are the prime